{"id":28,"date":"2018-01-26T17:46:36","date_gmt":"2018-01-26T17:46:36","guid":{"rendered":"http:\/\/reifen-profi-barsinghausen.de\/?page_id=28"},"modified":"2018-02-03T10:30:23","modified_gmt":"2018-02-03T10:30:23","slug":"car_service","status":"publish","type":"page","link":"http:\/\/reifen-profi.net\/?page_id=28","title":{"rendered":"KFZ-Service"},"content":{"rendered":"<div style='height:5px' class='hr hr-invisible  '><span class='hr-inner ' ><span class='hr-inner-style'><\/span><\/span><\/div>\n<\/div><\/div><\/div><!-- close content main div --><\/div><\/div><div id='av_section_1' class='avia-section main_color avia-section-no-padding avia-no-border-styling avia-full-stretch av-section-color-overlay-active avia-bg-style-scroll   av-minimum-height av-minimum-height-custom container_wrap fullsize' style = 'background-repeat: no-repeat; background-image: url(http:\/\/reifen-profi.net\/wp-content\/uploads\/2018\/01\/headerservice.png); background-attachment: scroll; background-position: top center; ' data-section-bg-repeat='stretch' ><div class='av-section-color-overlay-wrap'><div class='av-section-color-overlay' style='opacity: 0.5; background-color: #000000; '><\/div><a href='#next-section' title='' class='scroll-down-link '  aria-hidden='true' data-av_icon='\ue877' data-av_iconfont='entypo-fontello'><\/a><div class='container' style='height:330px'><div class='template-page content  av-content-full alpha units'><div class='post-entry post-entry-type-page post-entry-28'><div class='entry-content-wrapper clearfix'>\n<div style='padding-bottom:10px;color:#ffffff;' class='av-special-heading av-special-heading-h6 custom-color-heading blockquote modern-quote modern-centered   '><h6 class='av-special-heading-tag  av-small-font-size-overwrite av-small-font-size-30 av-mini-font-size-overwrite av-mini-font-size-30'  itemprop=\"headline\"  >Unsere Leistungen<\/h6><div class='special-heading-border'><div class='special-heading-inner-border' style='border-color:#ffffff'><\/div><\/div><\/div>\n\n<div style='height:25px' class='hr hr-invisible  '><span class='hr-inner ' ><span class='hr-inner-style'><\/span><\/span><\/div>\n<div class=\"flex_column av_one_fourth  flex_column_div av-zero-column-padding first  \" style='border-radius:0px; '><article class=\"iconbox iconbox_left    \"  itemscope=\"itemscope\" itemtype=\"https:\/\/schema.org\/CreativeWork\" ><div class=\"iconbox_content\"><header class=\"entry-content-header\"><div class=\"iconbox_icon heading-color \" aria-hidden='true' data-av_icon='\ue839' data-av_iconfont='entypo-fontello'  style='color:#fc7c12; ' ><\/div><h3 class='iconbox_content_title '  itemprop=\"headline\"   style='color:#fc7c12; '>Service<\/h3><\/header><div class='iconbox_content_container  '  itemprop=\"text\"  ><ul>\n<li>Inspektion f\u00fcr alle Fahrzeugtypen<\/li>\n<li>\u00d6lservice<\/li>\n<li>Hauptuntersuchung*<\/li>\n<\/ul>\n<\/div><\/div><footer class=\"entry-footer\"><\/footer><\/article><\/div>\n<div class=\"flex_column av_one_fourth  flex_column_div av-zero-column-padding   \" style='border-radius:0px; '><article class=\"iconbox iconbox_left    \"  itemscope=\"itemscope\" itemtype=\"https:\/\/schema.org\/CreativeWork\" ><div class=\"iconbox_content\"><header class=\"entry-content-header\"><div class=\"iconbox_icon heading-color \" aria-hidden='true' data-av_icon='\ue858' data-av_iconfont='entypo-fontello'  style='color:#fc7c12; ' ><\/div><h3 class='iconbox_content_title '  itemprop=\"headline\"   style='color:#fc7c12; '>Fahrwerk<\/h3><\/header><div class='iconbox_content_container  '  itemprop=\"text\"  ><ul>\n<li>Sto\u00dfd\u00e4mpfertest mit Ausdruck<\/li>\n<li>Achsvermessung<\/li>\n<li>Bremsendienst<\/li>\n<\/ul>\n<\/div><\/div><footer class=\"entry-footer\"><\/footer><\/article><\/div>\n<div class=\"flex_column av_one_fourth  flex_column_div av-zero-column-padding   \" style='border-radius:0px; '><article class=\"iconbox iconbox_left    \"  itemscope=\"itemscope\" itemtype=\"https:\/\/schema.org\/CreativeWork\" ><div class=\"iconbox_content\"><header class=\"entry-content-header\"><div class=\"iconbox_icon heading-color \" aria-hidden='true' data-av_icon='\ue855' data-av_iconfont='entypo-fontello'  style='color:#fc7c12; ' ><\/div><h3 class='iconbox_content_title '  itemprop=\"headline\"  >Antrieb<\/h3><\/header><div class='iconbox_content_container  '  itemprop=\"text\"  ><ul>\n<li>Pr\u00fcfen und Einstellen von Otto- und Dieselmotoren<\/li>\n<li>Instandsetzen von Otto- und Dieselmotoren<\/li>\n<li>Kupplungsservice<\/li>\n<\/ul>\n<\/div><\/div><footer class=\"entry-footer\"><\/footer><\/article><\/div>\n<div class=\"flex_column av_one_fourth  flex_column_div av-zero-column-padding   \" style='border-radius:0px; '><article class=\"iconbox iconbox_left     \"  itemscope=\"itemscope\" itemtype=\"https:\/\/schema.org\/CreativeWork\" ><div class=\"iconbox_content\"><header class=\"entry-content-header\"><div class=\"iconbox_icon heading-color \" aria-hidden='true' data-av_icon='\ue856' data-av_iconfont='entypo-fontello'  style='color:#fc7c12; ' ><\/div><h3 class='iconbox_content_title '  itemprop=\"headline\"  >Karosserie<\/h3><\/header><div class='iconbox_content_container  '  itemprop=\"text\"  ><ul>\n<li>Karosseriearbeiten<\/li>\n<li>Unfallinstandsetzung<\/li>\n<li>Schadensabwicklung<\/li>\n<\/ul>\n<\/div><\/div><footer class=\"entry-footer\"><\/footer><\/article><\/div>\n<div style='height:1px; margin-top:-40px'  class='hr hr-invisible   '><span class='hr-inner ' ><span class='hr-inner-style'><\/span><\/span><\/div>\n<div class=\"flex_column av_one_full  flex_column_div av-zero-column-padding first  \" style='border-radius:0px; '><section class=\"av_textblock_section \"  itemscope=\"itemscope\" itemtype=\"https:\/\/schema.org\/CreativeWork\" ><div class='avia_textblock  '   itemprop=\"text\" ><p>*Hauptuntersuchung nach \u00a729 StVZO, durchgef\u00fchrt durch externe Pr\u00fcfingenieure der amtlich anerkannten \u00dcberwachungsorganisationen.<\/p>\n<\/div><\/section><\/div>\n<div style='height:30px' class='hr hr-invisible   '><span class='hr-inner ' ><span class='hr-inner-style'><\/span><\/span><\/div>\n<\/div><\/div><\/div><!-- close content main div --><\/div><\/div><\/div><div id='av_section_2' class='avia-section main_color avia-section-no-padding avia-no-border-styling avia-full-stretch av-section-color-overlay-active avia-bg-style-scroll   av-minimum-height av-minimum-height-custom container_wrap fullsize' style = 'background-repeat: no-repeat; background-image: url(http:\/\/reifen-profi.net\/wp-content\/uploads\/2018\/01\/headergas2-1.png); background-attachment: scroll; background-position: top center; ' data-section-bg-repeat='stretch' ><div class='av-section-color-overlay-wrap'><div class='av-section-color-overlay' style='opacity: 0.5; background-color: #000000; '><\/div><a href='#next-section' title='' class='scroll-down-link '  aria-hidden='true' data-av_icon='\ue877' data-av_iconfont='entypo-fontello'><\/a><div class='container' style='height:330px'><div class='template-page content  av-content-full alpha units'><div class='post-entry post-entry-type-page post-entry-28'><div class='entry-content-wrapper clearfix'>\n<div style='padding-bottom:10px;color:#ffffff;' class='av-special-heading av-special-heading-h6 custom-color-heading blockquote modern-quote modern-centered  '><h6 class='av-special-heading-tag '  itemprop=\"headline\"  >Autogas<\/h6><div class='special-heading-border'><div class='special-heading-inner-border' style='border-color:#ffffff'><\/div><\/div><\/div>\n\n<div class=\"flex_column av_one_third  flex_column_div av-zero-column-padding first  \" style='border-radius:0px; '><article class=\"iconbox iconbox_left     \"  itemscope=\"itemscope\" itemtype=\"https:\/\/schema.org\/CreativeWork\" ><div class=\"iconbox_content\"><header class=\"entry-content-header\"><div class=\"iconbox_icon heading-color \" aria-hidden='true' data-av_icon='\ue85c' data-av_iconfont='entypo-fontello'  style='color:#fc7c12; ' ><\/div><h3 class='iconbox_content_title '  itemprop=\"headline\"   style='color:#fc7c12; '>Einbau<\/h3><\/header><div class='iconbox_content_container  '  itemprop=\"text\"  ><ul>\n<li>Beratung<\/li>\n<li>Umr\u00fcstung<\/li>\n<li>Optimierung<\/li>\n<\/ul>\n<\/div><\/div><footer class=\"entry-footer\"><\/footer><\/article><\/div>\n<div class=\"flex_column av_one_third  flex_column_div av-zero-column-padding   \" style='border-radius:0px; '><article class=\"iconbox iconbox_left     \"  itemscope=\"itemscope\" itemtype=\"https:\/\/schema.org\/CreativeWork\" ><div class=\"iconbox_content\"><header class=\"entry-content-header\"><div class=\"iconbox_icon heading-color \" aria-hidden='true' data-av_icon='\ue891' data-av_iconfont='entypo-fontello'  style='color:#fc7c12; ' ><\/div><h3 class='iconbox_content_title '  itemprop=\"headline\"   style='color:#fc7c12; '>Service<\/h3><\/header><div class='iconbox_content_container  '  itemprop=\"text\"  ><ul>\n<li>Gasanlagenpr\u00fcfung<\/li>\n<li>Austausch von Verschlei\u00dfteilen<\/li>\n<li>Funktionspr\u00fcfung<\/li>\n<\/ul>\n<\/div><\/div><footer class=\"entry-footer\"><\/footer><\/article><\/div>\n<div class=\"flex_column av_one_third  flex_column_div av-zero-column-padding   \" style='border-radius:0px; '><article class=\"iconbox iconbox_left     \"  itemscope=\"itemscope\" itemtype=\"https:\/\/schema.org\/CreativeWork\" ><div class=\"iconbox_content\"><header class=\"entry-content-header\"><div class=\"iconbox_icon heading-color \" aria-hidden='true' data-av_icon='\ue8de' data-av_iconfont='entypo-fontello'  style='color:#fc7c12; ' ><\/div><h3 class='iconbox_content_title '  itemprop=\"headline\"   style='color:#fc7c12; '>Reparatur<\/h3><\/header><div class='iconbox_content_container  '  itemprop=\"text\"  ><ul>\n<li>auch von Fremdanlagen verschiedener Hersteller<\/li>\n<li>jahrelange\u00a0Erfahrung<\/li>\n<li>hochmodere\u00a0Werkstattausr\u00fcstung<\/li>\n<\/ul>\n<\/div><\/div><footer class=\"entry-footer\"><\/footer><\/article><\/div><div style='height:80px' class='hr hr-invisible   '><span class='hr-inner ' ><span class='hr-inner-style'><\/span><\/span><\/div><\/p>\n<\/div><\/div><\/div><!-- close content main div --><\/div><\/div><\/div><div id='av_section_3' class='avia-section main_color avia-section-no-padding avia-no-border-styling avia-full-stretch av-section-color-overlay-active avia-bg-style-scroll    av-minimum-height av-minimum-height-custom container_wrap fullsize' style = 'background-repeat: no-repeat; background-image: url(http:\/\/reifen-profi.net\/wp-content\/uploads\/2018\/01\/headercare.jpg); background-attachment: scroll; background-position: top center; ' data-section-bg-repeat='stretch' ><div class='av-section-color-overlay-wrap'><div class='av-section-color-overlay' style='opacity: 0.5; background-color: #000000; '><\/div><div class='container' style='height:330px'><div class='template-page content  av-content-full alpha units'><div class='post-entry post-entry-type-page post-entry-28'><div class='entry-content-wrapper clearfix'>\n<div style='padding-bottom:10px;color:#ffffff;' class='av-special-heading av-special-heading-h6 custom-color-heading blockquote modern-quote modern-centered   '><h6 class='av-special-heading-tag  av-small-font-size-overwrite av-small-font-size-30 av-mini-font-size-overwrite av-mini-font-size-30'  itemprop=\"headline\"  >Fahrzeugpflege<\/h6><div class='special-heading-border'><div class='special-heading-inner-border' style='border-color:#ffffff'><\/div><\/div><\/div>\n\n<div class=\"flex_column av_one_half  flex_column_div av-zero-column-padding first  \" style='border-radius:0px; '><article class=\"iconbox iconbox_top main_color     \"  itemscope=\"itemscope\" itemtype=\"https:\/\/schema.org\/CreativeWork\" ><div class=\"iconbox_content\"><header class=\"entry-content-header\"><div class=\"iconbox_icon heading-color \" aria-hidden='true' data-av_icon='\ue8cc' data-av_iconfont='entypo-fontello'  ><\/div><h3 class='iconbox_content_title '  itemprop=\"headline\"  >Reinigung<\/h3><\/header><div class='iconbox_content_container  '  itemprop=\"text\"  ><p><strong>W\u00e4sche:<\/strong><br \/>\nHandw\u00e4sche mit Hochdruckreiniger.<\/p>\n<p><strong>Fenster<\/strong><br \/>\nFensterreinigung von au\u00dfen und innen<\/p>\n<p><strong>Innenraum<\/strong><br \/>\nReinigung des gesamten Innenraumes.<\/p>\n<\/div><\/div><footer class=\"entry-footer\"><\/footer><\/article><\/div>\n<div class=\"flex_column av_one_half  flex_column_div av-zero-column-padding   \" style='border-radius:0px; '><article class=\"iconbox iconbox_top main_color     \"  itemscope=\"itemscope\" itemtype=\"https:\/\/schema.org\/CreativeWork\" ><div class=\"iconbox_content\"><header class=\"entry-content-header\"><div class=\"iconbox_icon heading-color \" aria-hidden='true' data-av_icon='\ue8ce' data-av_iconfont='entypo-fontello'  ><\/div><h3 class='iconbox_content_title '  itemprop=\"headline\"  >Pflege<\/h3><\/header><div class='iconbox_content_container  '  itemprop=\"text\"  ><p><strong>Kunststoffe:<\/strong><br \/>\nPflege der Kunststoff und Gummiteile.<\/p>\n<p><strong>Polieren:<\/strong><br \/>\nLackkonservierung mit anschlie\u00dfender Politur je Zustand des Lacks.<\/p>\n<p><strong>Wachsen:<\/strong><br \/>\nLackkonservierung zum Schutz vor \u00c4u\u00dferen Einfl\u00fcssen wie z.B. Schmutz, Streusalz usw<\/p>\n<\/div><\/div><footer class=\"entry-footer\"><\/footer><\/article><\/div>\n","protected":false},"excerpt":{"rendered":"","protected":false},"author":1,"featured_media":0,"parent":0,"menu_order":0,"comment_status":"closed","ping_status":"closed","template":"","meta":{"footnotes":""},"class_list":["post-28","page","type-page","status-publish","hentry"],"_links":{"self":[{"href":"http:\/\/reifen-profi.net\/index.php?rest_route=\/wp\/v2\/pages\/28","targetHints":{"allow":["GET"]}}],"collection":[{"href":"http:\/\/reifen-profi.net\/index.php?rest_route=\/wp\/v2\/pages"}],"about":[{"href":"http:\/\/reifen-profi.net\/index.php?rest_route=\/wp\/v2\/types\/page"}],"author":[{"embeddable":true,"href":"http:\/\/reifen-profi.net\/index.php?rest_route=\/wp\/v2\/users\/1"}],"replies":[{"embeddable":true,"href":"http:\/\/reifen-profi.net\/index.php?rest_route=%2Fwp%2Fv2%2Fcomments&post=28"}],"version-history":[{"count":107,"href":"http:\/\/reifen-profi.net\/index.php?rest_route=\/wp\/v2\/pages\/28\/revisions"}],"predecessor-version":[{"id":407,"href":"http:\/\/reifen-profi.net\/index.php?rest_route=\/wp\/v2\/pages\/28\/revisions\/407"}],"wp:attachment":[{"href":"http:\/\/reifen-profi.net\/index.php?rest_route=%2Fwp%2Fv2%2Fmedia&parent=28"}],"curies":[{"name":"wp","href":"https:\/\/api.w.org\/{rel}","templated":true}]}}